f -13 + 14 + (0 - 5)?
-4
-3 + -11 - (10 + -18)
-6
Evaluate 4 + (0 - (-6 + 5)).
5
Calculate -4 + (6 - (-13 - -10)).
5
Calculate 1 - (-2 + (1 - 1) + -4).
7
Evaluate 0 + 9 - (9 - -5 - 8).
3
What is 8 - (-4 + (16 - 9))?
5
Calculate -6 + (-2 - (-2 - 6)).
0
What is the value of 3 + -4 + (6 - (1 - -3))?
1
2 + (-1 - (-6 + 2))
5
Calculate 1 + 4 + -3 + -4.
-2
What is (-9 - 0) + 44 + -29?
6
Evaluate -5 - (2 + -3 + 0 + -1).
-3
Evaluate 11 - -4 - 9 - 7.
-1
-3 + -6 + 4 - 0
-5
What is 0 + 4 + -6 - -2 - 5?
-5
0 + 3 + -5 + -1
-3
What is 3 + (-1 - 20 - -7) - -6?
-5
What is 6 + -12 - 0 - (-1 + 1)?
-6
Evaluate 5 + (-14 - -5 - 0).
-4
Calculate (-10 - 5) + 18 + -9.
-6
What is the value of 10 + -4 - ((-8 - -4) + 10)?
0
(3 - 5) + 2 + (0 - 1)
-1
What is -2 - 4 - (16 + -16)?
-6
-2 + -1 + -2 + 6 + 4
5
Calculate (10 - 13 - (-7 - 2)) + 1.
7
Calculate 6 + -9 + 10 + -4 - 0.
3
What is 7 - ((-5 - 3) + 12)?
3
What is -17 + 13 - (-2 + 2)?
-4
What is the value of -3 - (-3 - (-4 - (-3 + 0)))?
-1
What is -4 + (-5 - -5) - (0 - 2)?
-2
Calculate -81 + 81 + (1 - (2 + -2)).
1
What is the value of -4 + -4 + 5 + 3?
0
Evaluate (-4 - (-1 - (-6 - -4))) + 4.
-1
What is -3 + (1 - -7) - 0?
5
Evaluate 0 + -5 - (-11 + -3 + 3).
6
Calculate 4 + (2 - -1) - (5 - -1).
1
Evaluate 5 + 1 - (0 - -1).
5
-6 + (4 - -1) + 3
2
Calculate -10 - -8 - (1 + 1).
-4
What is the value of (-16 - (-16 + 7)) + 9?
2
-5 + 7 - -1 - 4
-1
What is 4 + (-12 - (6 + -6 + 0))?
-8
Calculate -6 - (-5 - -5 - 9).
3
-3 + -4 - (-29 - -27)
-5
Evaluate 4 + 1 - -2 - 2.
5
Evaluate -2 + (-1 - -5 - (-2 + 3)).
1
Calculate -5 - 2 - (4 - 3 - 7).
-1
Calculate -2 - 3 - -3 - 3.
-5
What is 0 - (16 - 9) - -6?
-1
(1 - (-1 + 1)) + 0
1
4 - (-1 + (2 - -1))
2
What is the value of -16 - -15 - (-2 + 0)?
1
Evaluate 1 + -3 + (7 - 7).
-2
What is the value of (-88 - -74) + (2 - -8)?
-4
Evaluate (4 - -4) + -4 + -4.
0
Calculate -145 + 124 + 0 + 11.
-10
What is -8 - (-2 - (-1 - -3))?
-4
Evaluate -3 + (-3 - -3 - -8).
5
What is 3 - (0 - 5 - -6)?
2
-2 - (2 + -3) - -1
0
Evaluate 2 - 4 - (-4 - (0 - 3)).
-1
What is the value of 4 - (-3 + 3 - 0)?
4
Calculate -1 - (-11 - -7) - 9.
-6
(-4 - (-5 - -2 - 0)) + -2
-3
Calculate -2 - (9 + -8 + 6 + 1).
-10
What is the value of -12 + 4 - -5 - -1?
-2
-75 + 79 - (5 - (2 - 4))
-3
What is the value of 5 - (2 - (6 + -14))?
-5
Evaluate 8 - (3 - (-4 + 3)).
4
(-4 + 2 - 1) + -25 + 24
-4
Calculate -1 - -2 - (7 + -2 - 1).
-3
Evaluate -5 - (-3 - 4) - -2.
4
Calculate 0 + -4 + (-7 - -5).
-6
1 - 5 - 0 - (5 + -2)
-7
What is the value of (2 + -3 - 2) + 5 - 3?
-1
Evaluate -1 + 3 - (-55 - -51).
6
What is 4 + -1 - (-18 - -18)?
3
Calculate 2 + 0 - 6 - -10.
6
What is ((-2 - 3) + 6 - 4) + 6?
3
Evaluate 4 - (-4 + 2 + 2 - 1).
5
What is -4 - -1 - -2 - (0 - 0)?
-1
What is (3 - 1) + (4 - (-2 - -10))?
-2
4 + -13 - (-17 - -8)
0
What is the value of -6 - 5 - (-16 - -7)?
-2
Calculate (-4 - 1) + 5 + 2.
2
Calculate (1 + -1 - -2) + (3 - 5).
0
Evaluate -8 - ((0 - 3) + -9).
4
(-8 + 3 - -8) + -1 + -1
1
Evaluate -1 + (-1 - -2) - 4.
-4
What is (14 - 15) + 2 + 0?
1
(24 - 27) + -1 + 1 + 0
-3
What is 0 - (-1 + -3 + 9)?
-5
Evaluate 9 + (6 - 1) + -10 + 0.
4
Calculate -36 + 25 - (-1 + -4 - 0).
-6
What is the value of 2 + (5 + -19 - -6) + 2?
-4
Evaluate -7 + 12 - 5 - -4 - 4.
0
What is the value of (-1 + 0 - (-4 - -4)) + 2?
1
What is the value of (-2 - -1) + (36 - 35)?
0
What is the value of -5 - ((-5 - 2) + -1)?
3
What is the value of (-4 - -7) + 2 - 6?
-1
Calculate -3 - -3 - (-7 + 6).
1
Calculate (3 - (8 - 2)) + 5 + -1.
1
Evaluate -4 + (13 - 7 - -3).
5
4 + ((-6 - -2) + -3 - -7)
4
What is (5 - -1) + 89 + -88?
7
Calculate -2 + 0 + 4 + (3 - 4).
1
What is the value of -2 - (-1 - 5 - (0 - 5))?
-1
What is 2 + 2 + 3 + -4?
3
What is the value of -29 + 25 + 1 + (0 - 0)?
-3
What is the value of (-8 - -4) + 5 + 1?
2
Calculate -3 + 2 + -4 + 3.
-2
What is the value of -1 + 8 + -10 + 7?
4
Calculate 2 + 5 + (-5 - -3 - -2).
7
Evaluate -4 - (-10 - (-6 - -5) - 1).
6
What is 0 + (1 + 2 - (13 + -11))?
1
Evaluate 9 + -6 + (-4 - 0).
-1
Evaluate -11 + (4 + 7 - 5 - 3).
-8
What is -33 + 27 + (9 - -2)?
5
What is the value of (8 - (17 + -5)) + 10?
6
What is -5 - 1 - (-9 - -1)?
2
What is (4 - 2) + 0 + 3?
5
Calculate -4 + 4 - (-3 - -7).
-4
-9 - ((5 - (-2 + 1)) + -8)
-7
Calculate (2 - 9) + (3 - -5) + 0.
1
Calculate 3 - (8 + (-6 - 1 - -3)).
-1
What is the value of -1 + -20 + 17 + (11 - 0)?
7
What is the value of 6 + 4 + -7 - 7?
-4
What is the value of 5 - 4 - (2 + 6) - -5?
-2
Evaluate 2 + -3 + (-2 - (3 - 3)).
-3
Calculate 6 + 2 + -2 + -6 + -5.
-5
What is the value of (4 - 2) + (4 - (7 + -3))?
2
What is 2 + 0 - (7 - 2)?
-3
What is 3 + (3 - -1) + -3?
4
What is 0 + (1 - -5 - 3) + -5?
-2
0 + 4 + (3 - (-2 - -12))
-3
Evaluate -3 - 0 - (12 + -12).
-3
What is 2 + -1 + -57 + 60?
4
What is the value of -17 - -10 - -11 - (0 + 1)?
3
What is (9 - 2 - 4) + -9?
-6
What is the value of (-3 + 6 - 4) + (2 - -1)?
2
1 + -4 - (-9 + -3 + 4)
5
Calculate (-4 - (5 + -4 - 5)) + -3.
-3
(8 - 4) + (1 - 4)
1
What is the value of (3 + 5 - -1) + -5 + 1?
5
Calculate (5 + -10 - 5) + 6.
-4
Calculate 3 + (-2 - (-11 - -6)).
6
What is the value of (-5 - (-1 - 11)) + -3?
4
What is 8 + 4 + -6 + -12?
-6
Calculate 4 + -5 + 0 + (-2 - -3).
0
1 + 1 - 5 - (-6 + 1)
2
Calculate 5 + 0 + -1 + 3 + -7.
0
What is the value of (-8 + 3 - -10) + -1 + -3?
1
What is the value of -6 - (-8 + 4) - 0?
-2
(-4 - -2) + 2 + -4
-4
What is the value of -5 - (-3 + 2 + -1)?
-3
What is -4 + 0 + -5 - -5?
-4
What is (-16 - -9) + -2 + 16?
7
11 + (1 - 4) - (-66 - -69)
5
Evaluate 1 - (3 - (-6 - (-2 - 0))).
-6
5 + (-3 - 6) - (0 - 1)
-3
Evaluate (-2 - (-7 - -6)) + (1 - -2).
2
Evaluate 0 + -11 + 1 + 6.
-4
What is -12 - (-14 - -5 - 0)?
-3
What is the value of (3 - 4 - (7 + 1)) + 4?
-5
(4 + -3 - -7) + 0 - 4
4
Evaluate (-2 - -10) + (-7 - -4).
5
1 + 1 - (-4 - (-7 + 1))
0
(1 - 2 - 2) + (2 - 2)
-3
What is the value of (-5 - -1) + 3 + -10 - -5?
-6
What is 2 - (-26 + 21 + (-2 - -3))?
6
(-10 + 7 - 0) + 1
-2
What is the value of -59 + 65 + (1 - -1)?
8
What is -4 + 5 + -3 + (-2 - -1)?
-3
What is the value of (-1 - -7) + (-1 + -3 - -9)?
11
2 - (-1 + 6) - (0 + 0)
-3
-1 + 0 - (0 - (3 + -1))
1
Calculate -2 + 4 + 1 + (16 - 19).
0
What is (-1 - -2) + -1 + 3?
3
What is the value of 4 - (1 - (-3 + 0 + 5))?
5
Evaluate 5 + -7 + -1 - (-2 - -2).
-3
Calculate 3 + -1 - (-5 - (1 - 9)).
-1
What is the value of 3 - 0 - ((0 - 9) + 15)?
-3
Evaluate 1 + 8 + (1 - 15).
-5
Evaluate -4 + 17 + -14 + 0 + 8.
7
Calculate 7 + -7 - (-3 + 7) - -6.
2
0 + 11 + -5 + -1 + -2
3
What is the value of -2 - (9 - (-1 + 16))?
4
What is (3 - 10) + 4 - -5 - 7?
-5
Calculate 2 - (2 + -1) - (0 - -3).
-2
What is the value of -3 + (-11 + 10 - (-1 - -2))?
-5
What is the value of (0 + 2 - -3) + 0 + 3?
8
Evaluate -1 - -2 - (4 + -2 - -4).
-5
Evaluate -1 + -2 + (5 + -7 - -2).
-3
Calculate -65 + 63 - ((1 - 2) + 2).
-3
Calculate -4 + -1 - (-38 + 34).
-1
Evaluate -2 - (7 + 0 + -2 + -4).
-3
What is 4 + (1 - (9 + -1))?
-3
Calculate 3 + 2 + (0 - 3) + 4.
6
Evaluate 61 + -61 - (-3 - -1).
2
Calculate -18 + 11 + (4 - 1) + 2.
-2
11 - (2 - -1 - -3) - 5
0
What is -1 + -6 + 5 + 5?
3
What is (2 - 2) + (-2 - -3 - 3)?
-2
What is (-13 - (1 - 7)) + (1 - -3)?
-3
What is the value of 5 - (2 + -4 - -12)?
-5
Evaluate (-6 - (4 - 12)) + -7.
-5
-3 + 2 + (5 - 5)
-1
What is the value of 6 + (5 + -8 - -2)?
5
What is -6 - (-12 + -4 + 6)?
4
7 + -11 + -3 + 5
-2
Evaluate -5 - (-3 + -4 + -2).
4
(8 - 6) + -5 + 1 - -7
5
Evaluate -2 - (-2 - (-3 - -1)) - -2.
0
-105 + 102 - (-5 - -1)
1
What is the value of 5 - (4 + 6 + -9)?
4
Calculate -4 - -7 - 0 - (3 + -2).
2
What is the value of -2 - (4 + -3 - 4)?
1
What is the value of -3 + (-3 - -5) + (3 - 8)?
-6
What is (-1 - -7) + (-12 - -2) + 5?
1
What is the value of -9 + (1 - -1) + (-3 - -6)?
-4
-1 + 2 - (-1 - (-8 + 2))
-4
What is the value of 0 - (4 + -2 + -1) - -1?
0
Evaluate -11 + (1 - (-12 - -7)) + 0.
-5
Calculate 0 + -2 + -38 + 34.
-6
What is the value of -3 + (4 + 0 - 3) + 0?
-2
Evaluate 3 - 8 - (2 - -1) - 0.
-8
What is 6 - 2 - ((5 - 2) + 1)?
0
What is the value of (-1 - 0) + (-2 - -6) + 1?
4
Evaluate 0 + (3 - (4 + -1)) - -4.
4
Calculate 8 - (5 - (-6 + 3)).
0
-2 + 4 + 3 + -2 - -2
5
0 + -5 + 11 + -4
2
(4 - 1 - 2) + (-8 - -11)
4
What is 0 - 1 - (0 - -3)?
-4
-3 + (-1 + 0 + 4 - 5)
-5
What is the value of -4 - -13 - 5 - 5?
-1
-2 + 1 + 1